termine m(11).
-11
Let g(d) = -9*d**3 - 8*d**2 + 2*d + 37. Give g(0).
37
Let n(w) = -w + 67. Determine n(31).
36
Let f(m) = 864*m - 2584. Determine f(3).
8
Let u(o) = -9*o**3 - 11*o**2 - 14*o + 25. What is u(1)?
-9
Let v(t) = -94*t + 7280. Give v(78).
-52
Let h(t) = 1042*t - 169. Calculate h(0).
-169
Let n(p) = -55*p + 4819. Determine n(88).
-21
Let z(n) = 478*n - 1906. Determine z(4).
6
Let f(y) = y**2 - 6*y - 3964. Give f(66).
-4
Let c(y) = 5*y**2 - 4*y + 17. Calculate c(4).
81
Let f(l) = l**2 + 3*l + 434. Calculate f(-27).
1082
Let m(x) = 8*x + 351. Calculate m(-38).
47
Let x(l) = -l**3 - 158*l**2 - 770*l - 769. Calculate x(-153).
-4
Let x(w) = 16*w**2 + 26*w - 3. What is x(-3)?
63
Let z(x) = x**3 - 64*x**2 - 129*x - 191. Determine z(66).
7
Let t(c) = c**3 - 29*c**2 + 143*c - 11. What is t(12)?
-743
Let d(s) = -1533*s + 153. Calculate d(0).
153
Let f(a) = a**3 + a**2 - 19*a - 54. Give f(5).
1
Let i(h) = 11*h + 199. What is i(-18)?
1
Let x(w) = 10015*w - 20020. Calculate x(2).
10
Let p(r) = r**3 - 35*r**2 + 431*r - 16817. Give p(36).
-5
Let i(c) = 77*c - 5585. What is i(72)?
-41
Let d(t) = 537*t + 6965. Determine d(-13).
-16
Let d(q) = q**3 + 23*q**2 - 49*q + 231. Give d(-25).
206
Let j(n) = -95*n - 169. What is j(-2)?
21
Let w(a) = -705*a + 7118. What is w(10)?
68
Let s(n) = -n**2 + 763*n - 9767. Calculate s(13).
-17
Let t(o) = -10*o**3 - 60*o**2 - 115*o. Determine t(-2).
70
Let a(l) = 98*l - 5380. What is a(55)?
10
Let b(s) = s**2 + 27*s + 60. Calculate b(-23).
-32
Let u(q) = q**3 - 31*q**2 + 63*q - 34. Determine u(29).
111
Let p(o) = -232*o - 462. Give p(-2).
2
Let n(s) = 3*s**2 - 15*s - 184. Give n(-10).
266
Let w(y) = -8*y**2 - 24*y + 27. What is w(1)?
-5
Let o(t) = t**2 + 106*t - 1291. What is o(11)?
-4
Let f(q) = 2*q**2 - 10*q + 29. Determine f(7).
57
Let h(t) = -t**3 - t**2 + 15*t - 58. Determine h(4).
-78
Let k(s) = -s**3 + 18*s**2 + 655*s - 10986. Determine k(16).
6
Let m(z) = -z**3 + 50*z**2 + 77*z - 1325. Determine m(51).
1
Let j(l) = 82*l**2 - 44*l + 83. Give j(2).
323
Let w(g) = -407*g + 11795. Give w(29).
-8
Let u(o) = o**3 - 34*o**2 + 249*o - 44. Determine u(24).
172
Let c(h) = -h**3 - 44*h**2 + 101*h + 446. Determine c(-46).
32
Let s(y) = -77*y - 1302. Calculate s(-19).
161
Let z(j) = 7*j - 54. Give z(5).
-19
Let z(w) = w**3 - 28*w**2 + 9*w - 42. What is z(28)?
210
Let r(d) = -16*d - 190. Calculate r(-13).
18
Let m(c) = 10*c**2 + 18*c + 95. Calculate m(-6).
347
Let b(w) = w**3 + 15*w**2 + 3*w + 48. Give b(-15).
3
Let t(f) = 582*f - 4704. Give t(8).
-48
Let b(y) = y**3 - 15*y**2 + 62*y - 16. Give b(6).
32
Let n(r) = -17*r**2 - 183*r + 31. What is n(-11)?
-13
Let c(i) = -302*i**2 + 23554*i + 151. Calculate c(78).
-5
Let o(k) = -3280*k - 26235. Give o(-8).
5
Let b(z) = 11*z**2 + 66*z - 5. Calculate b(-6).
-5
Let r(s) = -s**3 - 6*s**2 + 9. Determine r(-2).
-7
Let q(r) = -r**3 + 27*r**2 + 6*r - 53. Calculate q(27).
109
Let u(f) = 4*f**2 + 23*f + 148. Calculate u(-6).
154
Let u(j) = -6*j**2 - 64*j - 239. Determine u(-4).
-79
Let y(c) = -38*c**2 - 2*c - 4. Determine y(-1).
-40
Let l(w) = 14*w - 64. Give l(4).
-8
Let h(x) = -x**3 - 14*x**2 - 26*x - 154. Give h(-10).
-294
Let j(t) = t**3 - 4*t**2 + t - 7. Determine j(5).
23
Let h(q) = -4*q**2 - 561*q - 19004. Calculate h(-83).
3
Let n(q) = -1014*q - 3306. Determine n(-3).
-264
Let w(j) = -12*j - 280. Calculate w(-25).
20
Let k(m) = 440*m + 3951. Calculate k(-9).
-9
Let h(q) = -123*q - 746. Determine h(-6).
-8
Let w(y) = -39*y**2 - 137*y - 520. Give w(-4).
-596
Let l(y) = y. Calculate l(1).
1
Let m(t) = t**2 - 32*t + 30. Give m(35).
135
Let o(x) = -23*x + 333. Calculate o(10).
103
Let l(g) = 5*g**3 + 4*g**2 - 4*g + 5. Determine l(3).
164
Let t(h) = -2*h**3 + 42*h**2 + 3*h - 85. Give t(21).
-22
Let l(g) = -2*g**2 + 104*g - 51. Determine l(51).
51
Let i(f) = -3*f**3 + 114*f**2 - 88*f - 856. Give i(37).
-5
Let i(s) = -s**3 + 40*s**2 - 185*s + 64. Calculate i(5).
14
Let r(w) = 82*w + 1883. Determine r(-23).
-3
Let h(a) = a**3 + 5*a**2 - 17*a - 76. What is h(-7)?
-55
Let f(q) = -7*q**3 + 54*q**2 + 13*q - 29. Determine f(9).
-641
Let x(u) = u**2 + 13*u - 128. Calculate x(-28).
292
Let a(c) = -11*c - 344. Calculate a(-35).
41
Let z(d) = -d**2 - 8*d + 54. Give z(5).
-11
Let u(p) = p**2 - 106*p - 3424. Calculate u(132).
8
Let h(b) = b**3 - 73*b**2 + 469*b - 506. Give h(66).
-44
Let l(a) = a**2 - 60*a - 399. Give l(-6).
-3
Let x(s) = 2*s**2 - 117*s + 635. Calculate x(6).
5
Let o(t) = t**2 + 754*t + 2249. Give o(-3).
-4
Let t(m) = -2*m**2 + 80*m + 1370. Calculate t(53).
-8
Let p(t) = t**2 - 8*t - 30. What is p(17)?
123
Let d(a) = -5*a - 237. Calculate d(-33).
-72
Let b(z) = -2*z**2 - 12*z + 32. Give b(4).
-48
Let w(h) = -6*h + 784. Give w(18).
676
Let v(i) = 9*i + 1144. Calculate v(-126).
10
Let b(l) = l**2 - 78*l + 1403. What is b(31)?
-54
Let b(g) = g**3 - 10*g**2 + 22*g + 18. Calculate b(6).
6
Let g(i) = i**3 - 210*i**2 + 812*i + 2477. What is g(206)?
5
Let g(c) = 19*c**3 - 7*c**2 + 6*c - 6. What is g(3)?
462
Let u(a) = a**2 + 33*a + 129. What is u(-28)?
-11
Let l(v) = -v**2 + 259*v - 2502. Give l(10).
-12
Let a(h) = 96*h + 3737. Give a(-39).
-7
Let z(w) = w**3 + 7*w**2 - 73*w + 5. Give z(0).
5
Let c(a) = -a**2 - 22*a + 318. Give c(10).
-2
Let g(o) = -5*o**2 - 2141*o + 10798. Determine g(5).
-32
Let l(r) = 36862*r - 221178. What is l(6)?
-6
Let i(d) = 4*d**2 - 39*d - 13. What is i(10)?
-3
Let f(r) = r**3 + 15*r**2 + 1574*r + 20140. Calculate f(-13).
16
Let f(t) = -5*t**3 + 2*t**2 - 58*t - 11. What is f(0)?
-11
Let u(a) = 36*a - 85. What is u(5)?
95
Let m(h) = -17*h**2 + 8*h - 1. Calculate m(2).
-53
Let q(t) = -4772*t - 19086. Determine q(-4).
2
Let a(z) = 464*z + 490. Calculate a(-1).
26
Let i(m) = 3*m**3 - 11*m**2 - m + 14. What is i(4)?
26
Let l(b) = -153*b + 989. Give l(8).
-235
Let q(p) = -3*p**2 - 11*p + 242. Determine q(7).
18
Let d(m) = -52*m + 5047. Calculate d(97).
3
Let c(q) = 3*q**3 + 63*q**2 + 3*q + 28. Give c(-21).
-35
Let g(j) = -j**2 - 61*j - 182. Calculate g(-3).
-8
Let j(c) = c**3 - 10*c**2 + 14*c - 76. Calculate j(8).
-92
Let x(s) = 60*s - 1350. Determine x(22).
-30
Let d(r) = r**3 + 7*r**2 - 12*r + 107. What is d(-9)?
53
Let r(n) = 42*n**3 - n**2 + 14*n + 3. What is r(0)?
3
Let c(j) = 158*j - 22924. What is c(145)?
-14
Let m(k) = -3*k**2 - 10*k + 7. What is m(1)?
-6
Let y(n) = -10*n**3 + 132*n**2 - 26*n + 11. Determine y(13).
11
Let p(d) = 3*d + 120. Determine p(-51).
-33
Let s(g) = 120*g - 244. Determine s(0).
-244
Let b(g) = 61*g - 536. Calculate b(10).
74
Let h(z) = z**3 - 47*z**2 + 74*z - 13. Give h(45).
-733
Let f(r) = -17*r**3 - 5*r**2 - 17*r - 32. Calculate f(-2).
118
Let n(w) = -6*w**2 - 31*w + 760. Determine n(9).
-5
Let x(y) = 8*y**2 + 66*y - 372. Calculate x(-12).
-12
Let f(h) = 8*h**2 + 12*h + 42. What is f(-3)?
78
Let n(a) = 14*a**3 + 2*a**2 + 2*a + 1. Determine n(-1).
-13
Let g(w) = 12*w**2 + 30*w - 90. What is g(-8)?
438
Let j(z) = -18*z + 691. What is j(37)?
25
Let p(f) = 3*f**3 + 33*f**2 - 2*f - 26. Give p(-11).
-4
Let c(t) = -2*t**3 + 8*t**2 + 46*t + 49. Determine c(-5).
269
Let z(n) = -n**3 + 97*n**2 - 69*n - 2582. What is z(96)?
10
Let c(d) = -d**2 - 20*d - 164. Give c(-16).
-100
Let m(p) = -p**3 - 12*p**2 - 20*p + 89. Determine m(-8).
-7
Let r(t) = -277*t**2 - 1431*t - 234. Calculate r(-5).
-4
Let q(l) = -l**3 + 4*l**2 + 108*l - 61. Calculate q(-9).
20
Let s(o) = 289*o - 1959. Give s(7).
64
Let d(v) = 2*v**3 - 24*v**2 + 27*v - 49. Calculate d(11).
6
Let p(z) = -8*z**2 - 30*z + 9. Determine p(-6).
-99
Let q(o) = -9551*o - 57305. What is q(-6)?
1
Let k(x) = 170*x + 3519. Give k(-21).
-51
Let l(n) = -4*n**2 + 2*n + 8. Determine l(5).
-82
Let h(k) = k**3 + 9*k**2 - 8*k - 37. Calculate h(-10).
-57
Let x(o) = -207*o + 20069. Calculate x(97).
-10
Let y(a) = 4*a + 93. Determine y(-13).
41
Let l(x) = -412*x**3 - x**2 + 23*x - 22. Calculate l(1).
-412
Let f(g) = g**3 - g**2 - 21*g + 116. Give f(5).
111
Let x(t) = -43*t + 918. Give x(19).
101
Let k(i) = -30*i**3 + i**2 + 64*i + 64. Calculate k(-1).
31
Let u(y) = -51*y - 6242. Calculate u(-120).
-122
Let m(q) = -q**3 - 3*q**2 - 2*q - 6. Determine m(0).
-6
Let d(y) = 49*y + 2494. Determine d(-50).
44
Let x(y) = -39*y**2 - 23*y - 3. What is x(1)?
-65
Let c(b) = b**3 - 54*b**2 + 199*b - 7. Give c(50).
-57
Let r(u